s 337397 a prime number?
True
Is 4559 prime?
False
Is 245621 a prime number?
True
Is 45817 prime?
True
Is 9115 a composite number?
True
Is 28687 prime?
True
Is 13045 prime?
False
Is 46853 prime?
True
Is 4253 composite?
False
Is 3377 prime?
False
Is 2196163 a prime number?
False
Is 473713 composite?
True
Is 42305 a prime number?
False
Is 16447 a prime number?
True
Is 8401 a prime number?
False
Is 25563 a prime number?
False
Is 14081 a composite number?
False
Is 1361 a composite number?
False
Is 902341 composite?
True
Is 26963 a composite number?
True
Is 1481 composite?
False
Is 37551 composite?
True
Is 57083 composite?
True
Is 80957 prime?
False
Is 26957 composite?
True
Is 3166 a composite number?
True
Is 13751 prime?
True
Is 21011 prime?
True
Is 215417 a composite number?
False
Is 587371 prime?
True
Is 22045 a prime number?
False
Is 15001 a composite number?
True
Is 36794 prime?
False
Is 95866 composite?
True
Is 578353 prime?
True
Is 20869 composite?
True
Is 155669 composite?
True
Is 11027 prime?
True
Is 1297229 prime?
True
Is 24889 a composite number?
False
Is 11087 prime?
True
Is 14131 prime?
False
Is 219221 a composite number?
True
Is 2758565 prime?
False
Is 39977 a composite number?
True
Is 1122131 composite?
False
Is 40577 prime?
True
Is 7219 prime?
True
Is 14709 a composite number?
True
Is 62993 a prime number?
False
Is 99041 prime?
True
Is 9923 composite?
False
Is 25001 prime?
False
Is 35201 a prime number?
True
Is 251 composite?
False
Is 1669 a prime number?
True
Is 189403 a composite number?
True
Is 7765 a prime number?
False
Is 8147 a prime number?
True
Is 52879 composite?
False
Is 127579 a composite number?
False
Is 644431 prime?
True
Is 2819 prime?
True
Is 423554 prime?
False
Is 1026799 a composite number?
False
Is 46211 prime?
False
Is 403879 composite?
True
Is 667 a composite number?
True
Is 13567 prime?
True
Is 4861 a prime number?
True
Is 15817 a composite number?
False
Is 39539 prime?
False
Is 1273 composite?
True
Is 9293 prime?
True
Is 175811 a composite number?
False
Is 148791 prime?
False
Is 368185 a composite number?
True
Is 9029 prime?
True
Is 20477 a prime number?
True
Is 28697 prime?
True
Is 10519 a composite number?
True
Is 1701863 prime?
False
Is 1189 a prime number?
False
Is 5147 a composite number?
False
Is 23451 a composite number?
True
Is 9026 prime?
False
Is 611359 a prime number?
False
Is 317 composite?
False
Is 791773 a composite number?
False
Is 181333 prime?
False
Is 1121062 prime?
False
Is 1005014 composite?
True
Is 277709 composite?
True
Is 74393 a prime number?
False
Is 782839 prime?
True
Is 286019 a composite number?
False
Is 5261 a prime number?
True
Is 1356587 a composite number?
True
Is 275797 composite?
True
Is 3689497 prime?
False
Is 1270417 composite?
False
Is 405031 a prime number?
False
Is 136111 a composite number?
False
Is 1571 composite?
False
Is 12439 composite?
True
Is 1161893 composite?
False
Is 887 a composite number?
False
Is 136623 prime?
False
Is 50035 prime?
False
Is 523865 a composite number?
True
Is 79133 composite?
False
Is 15401 prime?
True
Is 71453 composite?
False
Is 6469 composite?
False
Is 138611 a composite number?
True
Is 86579 prime?
True
Is 35237 a composite number?
True
Is 251 a prime number?
True
Is 822121 composite?
True
Is 245759 a composite number?
False
Is 110771 composite?
False
Is 233179 a prime number?
False
Is 23017 prime?
True
Is 226837 prime?
False
Is 247 a composite number?
True
Is 75679 a prime number?
True
Is 40387 composite?
False
Is 81727 a composite number?
False
Is 3161 composite?
True
Is 48131 composite?
False
Is 268987 a prime number?
False
Is 32159 prime?
True
Is 218357 a prime number?
True
Is 289717 a composite number?
False
Is 15497 prime?
True
Is 13883 prime?
True
Is 437023 a composite number?
True
Is 155299 a composite number?
False
Is 4721 a composite number?
False
Is 1123 composite?
False
Is 3691 prime?
True
Is 30865 prime?
False
Is 36886 a prime number?
False
Is 5998 a prime number?
False
Is 331 a prime number?
True
Is 100537 prime?
True
Is 124481 a prime number?
False
Is 3967 prime?
True
Is 376027 composite?
True
Is 238951 a prime number?
False
Is 236419 prime?
False
Is 1657 a composite number?
False
Is 7493 a prime number?
False
Is 1949 prime?
True
Is 861293 composite?
False
Is 16787 composite?
False
Is 2248423 a prime number?
True
Is 5519 composite?
False
Is 1693 prime?
True
Is 632915 prime?
False
Is 216971 a composite number?
True
Is 63647 composite?
False
Is 20386 a composite number?
True
Is 24793 prime?
True
Is 13835 prime?
False
Is 30665 composite?
True
Is 8843 a composite number?
True
Is 23399 a composite number?
False
Is 15503 a prime number?
False
Is 341611 a prime number?
False
Is 83417 prime?
True
Is 282661 a composite number?
False
Is 683 composite?
False
Is 5077 a prime number?
True
Is 33107 prime?
True
Is 1693 a composite number?
False
Is 36131 prime?
True
Is 83471 composite?
False
Is 18058 a composite number?
True
Is 3659 a prime number?
True
Is 22247 a composite number?
False
Is 24646 composite?
True
Is 23183 a prime number?
False
Is 483991 a composite number?
False
Is 126377 a prime number?
False
Is 93853 a prime number?
False
Is 36809 a prime number?
True
Is 223037 a composite number?
False
Is 21439 a prime number?
False
Is 1570753 a prime number?
True
Is 7451 prime?
True
Is 50914 a composite number?
True
Is 1561 composite?
True
Is 199707 a prime number?
False
Is 684691 prime?
False
Is 7661 prime?
False
Is 30187 composite?
False
Is 190427 a prime number?
False
Is 55763 composite?
False
Is 28103 a prime number?
False
Is 8121 composite?
True
Is 83761 composite?
False
Is 2281 a prime number?
True
Is 9391 composite?
False
Is 203438 a composite number?
True
Is 26669 composite?
False
Is 1688183 prime?
False
Is 701089 prime?
True
Is 368059 a composite number?
False
Is 61949 composite?
False
Is 33377 a prime number?
True
Is 369443 a prime number?
False
Is 91837 prime?
True
Is 27187 prime?
False
Is 336269 a prime number?
False
Is 208721 prime?
True
Is 24391 a composite number?
False
Is 128717 prime?
True
Is 74249 a prime number?
False
Is 228281 a composite number?
False
Is 3140729 a composite number?
True
Is 544171 a prime number?
True
Is 2203 composite?
False
Is 62639 a composite number?
False
Is 6299 a composite number?
False
Is 118753 a composite number?
True
Is 22766 composite?
True
Is 2939 a composite number?
False
Is 21059 a composite number?
False
Is 21959 a composite number?
True
Is 175051 prime?
False
Is 19066 composite?
True
Is 198301 prime?
True
Is 4327 a composite number?
False
Is 140909 a prime number?
True
Is 519613 a composite number?
True
Is 38687 prime?
False
Is 12473 a composite number?
False
Is 55349 composite?
True
Is 1139 prime?
False
Is 751 a prime number?
True
Is 3586469 composite?
False
Is 9901 a prime number?
True
Is 7279 composite?
True
Is 40631 prime?
False
Is 11593 composite?
False
Is 1692133 a composite number?
True
Is 3967 prime?
True
Is 1183081 composite?
True
Is 4111 composite?
False
Is 13291 a prime number?
True
Is 5381 a prime number?
True
Is 9803 composite?
False
Is 751 a composite number?
False
Is 115873 prime?
True
Is 3719 a composite number?
False
Is 4433681 a prime number?
False
Is 221561 a prime number?
False
Is 517 a prime number?
False
Is 10181 prime?
True
Is 117647 a composite number?
True
Is 108343 a prime number?
True
Is 17957 a composite number?
False
Is 45134 a prime number?
False
Is 219238 a prime number?
False
Is 86383 composite?
True
Is 1836862 a composite number?
True
Is 126277 prime?
False
Is 355478 composite?
True
Is 91367 prime?
True
Is 379 a composite number?
False
Is 9311 prime?
True
Is 587 a prime number?
True
Is 2053 a prime number?
True
Is 18839 a composite number?
False
Is 587321 a prime number?
False
Is 209789 a prime number?
True
Is 102386 a composite number?
True
Is 141937 composite?
False
Is 8203 a composite number?
True
Is 165653 a composite number?
False
Is 79877 a composite number?
True
Is 1081151 prime?
False
Is 40889 composite?
True
Is 213589 prime?
True
Is 10961 prime?
False
Is 4259 a composite number?
False
Is 531977 a composite number?
False
Is 1186217 prime?
True
Is 27611 a composite number?
False
Is 7817 prime?
True
Is 32317 composite?
True
Is 5617 composite?